rime factors of l?
2, 5, 11, 239
Suppose 20854 = d + t, -2*d = -33*t + 31*t - 41708. List the prime factors of d.
2, 10427
Suppose 31*p - 185750 = 45355. List the prime factors of p.
3, 5, 7, 71
Let j(i) = 2*i**3 + 55*i**2 - 111*i + 37. What are the prime factors of j(-26)?
4951
List the prime factors of 10/(-14) + 10832706/357.
19, 1597
Suppose -34*g = -30*g - 56. Let c be g/(-4)*(-200)/35. Let p = 55 - c. List the prime factors of p.
5, 7
Let o(u) = u**2 - 11*u. Let r be o(11). Suppose r = -z - 4, 3*n = -0*n + 3*z - 45. Let w = 52 + n. List the prime factors of w.
3, 11
Let u = 29586 - -10815. List the prime factors of u.
3, 67
Suppose -3*p + 3*g = 9, 4 = p + 3*g + 3. Let l be 10/2 + 2 + (-5 - p). Suppose a + 7 = -5*k + 103, -5*k + l*a + 91 = 0. List the prime factors of k.
19
Let b(t) = 137*t + 15209. What are the prime factors of b(0)?
67, 227
Suppose 43*l - 213080 + 721603 = 122*l. List the prime factors of l.
41, 157
What are the prime factors of ((-108575)/86)/(-2 - (-38)/20)?
5, 101
Suppose -3431 = -f + 2*s, 12*f - 13*f + s + 3430 = 0. What are the prime factors of f?
3, 127
Let t = -17 - -19. Suppose -5*u = -t*y + 297, -5*y - 9*u + 6*u + 696 = 0. List the prime factors of y.
3, 47
Suppose -3*v = -5*v + 14. Suppose v*r = -2*r + 72. Suppose 0 = 3*a - r*a + 230. List the prime factors of a.
2, 23
Let j = 12654 + -7029. List the prime factors of j.
3, 5
Let j(c) = 4*c**2 - 79*c + 1601. List the prime factors of j(56).
9721
Suppose -i = 10*i + 1969. Let n = 466 + i. List the prime factors of n.
7, 41
Let p = 754 + -255. Suppose 0 = 4*f - 9*f + 2*u + p, 0 = -4*f + 2*u + 400. List the prime factors of f.
3, 11
Let l be 488/12 - (-4)/12. Let v = l + 119. Let m = v + -80. What are the prime factors of m?
2, 5
What are the prime factors of (265425/(-125))/(12/(-20))?
3539
Let p be 1/(-4*(-4)/64). Suppose p*n = 20*n. Suppose n = -q + 7 + 126. List the prime factors of q.
7, 19
Suppose 128*a - 126*a - 25131 = 3*o, -4*o = 4. List the prime factors of a.
2, 3, 349
Let g(d) = -13*d + 47. Let r be g(-17). Let c = 401 - r. List the prime factors of c.
7, 19
Suppose 0 = -2*n - 3*w + 142, -4*n + w + 131 = -181. Let c = -62 + n. List the prime factors of (c/((-90)/24))/((-1)/7).
2, 7
Let z(d) = -10*d + 665. Let r be z(0). Suppose 17*y - 66 = r. What are the prime factors of y?
43
Suppose -b = 3*l, 7*b = -3*l + 3*b. Suppose 4*j + 3*g = 2*g + 1579, -j - g + 394 = l. List the prime factors of j.
5, 79
Suppose -3*w + 25 = -5*n, -5*n = 10*w - 6*w - 10. Suppose 0 = -o - w*b + 135, 5*o - o - 558 = -2*b. List the prime factors of o.
2, 5, 7
What are the prime factors of (-2114397)/(-90) + (-75)/250?
3, 41, 191
Let a = 23 - 16. Let y = -405 - -407. Suppose 89 + y = a*m. List the prime factors of m.
13
Suppose 4*l = -3*v + 223, 2*v - 187 = -12*l + 17*l. Let n = v - 23. List the prime factors of n.
2, 29
Let z(i) = 2*i**3 + i**2 - 4*i + 4. Let o be z(1). List the prime factors of o/(-2)*303/(-18)*8.
2, 101
Let m = 16279 + -9634. What are the prime factors of m?
3, 5, 443
Let u(s) = s**3 + 6*s**2 - 41*s - 7. Let m be u(-10). List the prime factors of ((4 - 4) + 2)/(m/96).
2
What are the prime factors of (-2209 + -12)/(-1*(2 + 0)/6)?
3, 2221
Let g(d) = -16*d**2 + 19*d - 120. Let h be g(5). Let w = 547 - h. What are the prime factors of w?
2, 3
Let k = -12 - 46. Let d = k + 18. Let g = 71 + d. What are the prime factors of g?
31
Let w = -565 + -268. Let z = -347 - w. What are the prime factors of z?
2, 3
Let l(a) = 5*a**2 + 4*a - 10. Let y be 0 - (-1 - (2 - -1)). Suppose -3*v - z + 10 = 0, -15 + 5 = -2*v - y*z. List the prime factors of l(v).
47
Let i(f) = 422*f - 6. Let l = -108 - -111. Let m be i(l). Suppose -10*q + m = -3*q. What are the prime factors of q?
2, 3, 5
Let g = -110 - -114. Let v be 735/14*g/3. Suppose -9*i + 403 - v = 0. What are the prime factors of i?
37
Suppose -5*s + 3*s = 5*j, -5*s + 33 = -4*j. Suppose s*z + 3*d = 4*z + 18, 2*z - 5*d + 19 = 0. Let x(y) = 72*y + 2. List the prime factors of x(z).
2, 109
Let j = 1664 + -1085. Let q = j - 857. Let t = -183 - q. List the prime factors of t.
5, 19
Suppose -9802 = -2*w + 2*y, -5*w - 14703 = -8*w + 6*y. What are the prime factors of w?
13, 29
Suppose -6604*m + 6596*m + 183768 = 0. List the prime factors of m.
3, 13, 19, 31
Let h(r) = r + 10. Let w be h(-8). Suppose w*f - 115 = 7*f. Let i = 57 + f. List the prime factors of i.
2, 17
List the prime factors of 17/((-136)/(-232328)) + 1.
2, 13, 1117
Suppose 50 = -14*k + 232. Suppose l + k - 4 = 0. What are the prime factors of (15/l)/(1/(-105))?
5, 7
Let y = 40 + 38. What are the prime factors of 26/y + (1 - 2422/(-6))?
3, 5
Suppose 0 = 12*x + 2*x - 28. Suppose 2*b + 474 = 4*c + c, 0 = -x*b - 4. List the prime factors of c.
2, 47
Let f be (0/(-6) - -3)*(-50)/(-15). What are the prime factors of (-212475)/(-375) + (-6)/f + 1?
3, 7
Suppose -2*f - 4 = -2*j, -6 + 0 = 2*j + 3*f. Suppose -2*r = -i - 532, r - 3*r - 3*i + 516 = j. What are the prime factors of r?
2, 3, 11
Suppose -6 = -2*s - 24. Let x = s + 328. Suppose -3*g - 299 = -2*h, 0*g = 2*h + g - x. What are the prime factors of h?
157
Let q = -1587 - -70798. List the prime factors of q.
67, 1033
Suppose 4*t - 13140 = -h, 18*h - 3*t = 22*h - 52638. What are the prime factors of h?
2, 3, 1097
Let m(j) = -j**3 - 4*j**2 + 3*j + 2. Let k be m(-6). Suppose 7*t + t = -k. Let p(c) = c**3 + 11*c**2 + 7*c + 16. List the prime factors of p(t).
163
Let m = 48 - 27. List the prime factors of m.
3, 7
Let o = 8 + 13. Let g be 10/((-100)/(-15))*(-404)/(-6). Let v = g + o. List the prime factors of v.
2, 61
Suppose 4*g - 38752 = -2*v, 264*g + 38716 = 2*v + 259*g. What are the prime factors of v?
2, 3, 269
Suppose 40 = 2*m - 0*m. Suppose 7*t = 3*t - 2*h + 32, -2*t = 3*h - m. Suppose -t*y + 300 = 3*y. What are the prime factors of y?
2, 3, 5
Suppose -u - 7 = -3*b - 2, -2*b + 5*u = 1. What are the prime factors of (-7424)/(-336) + b/(-21)?
2, 11
Suppose -4*g - x - 17 = 0, -13*g + 10*g + 16 = -5*x. What are the prime factors of (-1)/(0 + g/579)?
193
Suppose b = 5*b + 3*w - 9, 5*w = 15. Let i(y) be the second derivative of -y**3/6 + 10*y**2 + 28*y - 16. What are the prime factors of i(b)?
2, 5
Let x be (-6)/((9/(-15))/(6/15)). Suppose 5*g - 4 = -x*q, g - q = q + 12. Suppose 0 = -5*a + v + 95, g*v + 80 = 5*a - 0*v. What are the prime factors of a?
2, 5
Let s = 30720 - 18589. List the prime factors of s.
7, 1733
Let x(s) be the first derivative of -1/3*s**3 - 24 - 23/2*s**2 + 30*s. What are the prime factors of x(-23)?
2, 3, 5
Let q(f) = 10*f**2 + 119*f + 104. List the prime factors of q(-30).
2, 2767
Suppose 16 = -8*v + 6*v - 4*x, 21 = 3*v - 3*x. Suppose 0 = -0*z + z + v*s - 425, 4*z + 3*s = 1705. List the prime factors of z.
7, 61
Let j = 48650 + -24712. List the prime factors of j.
2, 11969
Let c(d) = -4*d**3 + 8*d**2 - 7*d - 82. List the prime factors of c(-5).
653
Suppose 9*m = -m - 20. Let p be (3/2)/(m/(8/2)). What are the prime factors of p + (75 - (2 - 2))?
2, 3
Suppose 7*s - 194 = -138. Let o(q) = 31*q - 51. List the prime factors of o(s).
197
List the prime factors of (-3058)/(14/(-70)*1).
2, 5, 11, 139
Let j(d) = -2*d + 2. Let s be j(-1). Suppose 0 = 3*l + s*u - 977, 2*u - 3 = -5. List the prime factors of l.
3, 109
Let g = 76 + -42. Let n = g - 42. List the prime factors of 71 - n*5/(-10).
67
Suppose 3*f = 4*w + 28, -w = -4*f - 11 + 44. Let r(c) = 0*c**2 - 14*c + 23 + 2*c**2 - 4. List the prime factors of r(f).
5, 7
Let a be -1 - 10/4*(-24)/20. List the prime factors of (-3)/(2*a/(-476)).
3, 7, 17
Let u be (51/6 - 8)/((-2)/(-444)). Suppose u*v - 125*v + 10528 = 0. What are the prime factors of v?
2, 47
Let g(q) = q**3 + 3*q**2 - q - 2. Let s be g(-3). Let z(l) = 1 + 4 - 14 + 8 + 130*l. List the prime factors of z(s).
3, 43
Let v(g) = 8556*g**2 - 45*g + 41. List the prime factors of v(-3).
2, 5, 17, 227
Let r = 56 + 11. Suppose r = -3*b - 53. Let f = b + 45. List the prime factors of f.
5
Let u(x) = 22*x - 306. Let p be u(14). Suppose 3*a - 6089 = -y - 2410, -p*y + 6131 = 5*a. List the prime factors of a.
3, 409
Suppose 19*z - 4534 = 2097. List the prime factors of z.
349
Let s(f) = 2*f + 2159. Let n be s(0). Let b = n + -1499. Suppose 5*a - b + 201 = -2*k, -177 = -2*a - 3*k. What are the prime factors of a?
3, 31